termine k(t).
-4
Let y(l) = l**2 + 14*l + 1. Suppose -4*q - 5*t = -64, -80 = 8*q - 12*q - t. Let w be (-665)/49 + (-9)/q. What is y(w)?
1
Let z be (-342)/81 + (-8)/(-36). Let p(l) = -11 + 6*l - 2*l + l**2 + 0*l - 3*l + 0*l. Give p(z).
1
Let a(d) = 25*d + 31*d**2 - 6 + 27*d**3 + 16*d**2 - 12 - 11*d**3 - 18*d**3. Determine a(24).
6
Let p(x) = -4*x - 5. Suppose -69*c + 56*c - 637 = 0. Let y = 44 + c. Give p(y).
15
Let f(r) = 7*r**2 + 2*r - 9. Let l(b) = 4*b**2 + b - 5. Let i(k) = 3*f(k) - 5*l(k). Let v be 1/(-1 - 250/(-248)). Let j = v - 124. Give i(j).
-2
Let m(h) = -2*h**2 + 11*h + 1. Let a(l) = 3*l**2 - 11*l. Let r(y) = -4*a(y) - 5*m(y). Give r(-6).
-11
Let n = -3085 - -3084. Let k(g) = 2*g**3 - g**2 - 2*g - 1. Give k(n).
-2
Let u(t) = -t**3 + 9*t**2 - 9*t + 11. Let v be (0 - 1)*17/(-17). Let b be (-63 + 55)*(v - 2)*1. Calculate u(b).
3
Let d(t) = 21 - 252*t - 3*t**2 + 5*t**2 + 243*t. Give d(3).
12
Let d be (-1)/(2/(-4)) - -2. Suppose y + 1 = d. Let n(o) = -4 - 2*o - 2 - o**y - 7*o**2 + 7 + 2*o**2. Determine n(-4).
-7
Let x(h) = -3 - h + 3*h - 3*h**2 - h + h. Let v(q) = q**3 + 21*q**2 + 40*q + 18. Let u be v(-18). Let m be 918/u + 2*1/(-5). Give x(m).
-24
Let v = -177 + 227. Let o(a) = -104*a + v*a + 51*a. Suppose 5*g - 4*k - 14 = 0, -3*g - 2*k + 4 + 0 = 0. What is o(g)?
-6
Let n(b) = b**2 + 14*b - 16. Let p(g) = -g**2 - 9*g + 11. Suppose 18*r = 6*r + 60. Let x(a) = r*n(a) + 7*p(a). What is x(5)?
-18
Let z(l) = -l**3 - 11*l**2 + 7*l - 22. Suppose 0 = -3*b - 21, 203 = 5*i - 4*b + 235. Calculate z(i).
38
Let r = -74 - -78. Let t(g) = -g**2 + 1. Let a(m) be the third derivative of -m**5/20 + m**4/24 + 2*m**3/3 + 4*m**2. Let i(z) = r*t(z) - a(z). Determine i(1).
-2
Suppose -4*v - 50 = 3*w, 28*v - 27*v + 3*w = 1. Let r(h) = -h**3 - 19*h**2 - 30*h + 50. Determine r(v).
-18
Let w(k) = -5*k - 11. Let y be 2/(-15) + ((-37758)/315)/31. Calculate w(y).
9
Suppose -4*t + 70 = 2*h, -4*t = h - 83 + 16. Let y(a) = -a**3 + 15*a**2 + 17*a + 10. Determine y(t).
26
Let x(s) = -2*s**3 + s**2 + 8*s + 32. Let g(q) = -q**3 - q**2 + 2*q + 5. Let z(u) = -3*g(u) + x(u). Calculate z(-4).
9
Suppose 0 = 2*c + 5*s + 55, -18*c - 3*s - 71 = -13*c. Let h(k) = 3*k**2 + 29*k - 9. Calculate h(c).
1
Let z(s) = -779 + 170*s + 765 - 2*s**2 - 87*s - 75*s. Determine z(-5).
-104
Suppose 76*k - 150 - 85 = -7. Let l(v) be the second derivative of -v**2 + 1/6*v**k + 0 + 30*v. Give l(0).
-2
Let j(p) = -10*p**2 + 5*p - 4. Let a be (-2)/(-13)*728/112. What is j(a)?
-9
Let k(o) = -7*o**2 - o + 6. Suppose 5*c + 4 = 3*q, -177*q + 5*c = -172*q - 10. Calculate k(q).
-60
Let i be (184*(-15)/120)/((-1)/2). Let l(a) = -2*a**2 + 87*a + 227. Determine l(i).
-3
Let w(s) = -s**2 - s - 13. Let o = -106 + 118. Suppose -4*h - o*j + 7*j = 10, 0 = 4*h - j - 2. Calculate w(h).
-13
Let h(y) be the third derivative of 11*y**4/24 + 5*y**3/3 + 297*y**2 - 7*y. Calculate h(-3).
-23
Let d(u) = 3*u**2 - 9*u - 17. Let h(x) = 61 + x - 5*x + 2*x**2 - 70. Let p(a) = 3*d(a) - 5*h(a). What is p(-6)?
0
Suppose 361*s = 355*s - 6. Let g(i) = 10*i**2 + 5*i + 3. What is g(s)?
8
Let t(o) = -24*o**3 - 4*o**2 + 51*o + 1. Let h(n) = -7*n**3 - 2*n**2 + 15*n. Let s(l) = -7*h(l) + 2*t(l). Determine s(-4).
46
Suppose -w - 5*v + 70 = 0, -3*w + w + 168 = -4*v. Let p(j) = w*j - 76*j + j**2 - 2 - 5. Let f = 6 + -12. Calculate p(f).
5
Let h = 71 - 77. Let b = 46 + -42. Let n(q) = -4 + 2 - 3*q + b*q + q**2 + 2*q. Calculate n(h).
16
Let o(k) = -k**3 - 32*k**2 - 18*k + 3. Let n(l) = 2*l**3 + 33*l**2 + 19*l - 3. Let p(a) = 3*n(a) + 4*o(a). Give p(15).
3
Let h(l) = -128*l - 127*l - 3*l**3 + 2*l**2 + 384*l - 130*l. Determine h(2).
-18
Suppose 243*i - 251*i + 45 = 5*u, -5*u - 2*i + 45 = 0. Let v(d) = 9 - 2*d + 4 + 0. Give v(u).
-5
Let m(b) be the third derivative of -b**5/60 + 3*b**4/8 + 2*b**3 - b**2 - 122*b. Give m(13).
-40
Suppose 4*q = -3*x - 20, x + 4*q - 20 = 8*q. Let l(o) be the first derivative of -o**3/3 + 25*o + 566. Determine l(x).
25
Let s(w) be the first derivative of -w**3/3 + w**2 - 3*w - 1. Let j be (-4)/22 + (-1 - (-140)/44). Suppose 8*c + 15 = 10*c - 3*y, -j*y = 6. Calculate s(c).
-6
Let b(t) = -t**3 + 10*t**2 - 21*t + 107. Let h be b(9). Let o(u) be the third derivative of -u**4/2 - u**3/6 + 9*u**2 - u. Determine o(h).
11
Let l be 35*(3/(-1) + 25 + -11). Let b = 385 - l. Let y(j) = 7*j**2 + 3*j + 10. Let i(k) = 10*k**2 + 4*k + 15. Let w(f) = 5*i(f) - 7*y(f). Calculate w(b).
5
Let q(n) = -n**2 + 7*n + 13. Let i = -12 - -19. Let z be 12 + 2/14 + (-2)/14. Suppose i*m = 51 + z. Calculate q(m).
-5
Suppose 4*w - 23 = g, -13 = -0*w - 3*w + 5*g. Let b(u) be the second derivative of -u**5/20 + 3*u**4/4 - 19*u**3/6 + u**2 - 2*u + 578. Give b(w).
-4
Let j = 60 + -53. Suppose -2*v - 5*d = -18 - j, -4*v - d = -5. Let i(q) = q. Give i(v).
0
Let l(v) = -v**2 + 6*v + 57. Let o be l(11). Let b(j) = j**2 + 10*j + 0*j - o - 9*j. What is b(-2)?
0
Suppose 0 = -86*l + 85*l + 6. Suppose 130 - 94 = -l*o. Let c(z) = -3*z - 19. What is c(o)?
-1
Let t(q) = 0*q**3 - 3*q**3 + 4*q**2 - 7 - 6*q + 4*q**3. Let u(n) = n**3 - 12*n**2 + 11*n - 16. Let c be u(11). Let a be 86/c + 66/176. What is t(a)?
-2
Let i(k) = -14*k + k**2 + 4 + 13*k - 4. Let w(t) = -t**3 + 12*t. Let v(d) = -5*i(d) - w(d). Suppose 2*h = 12 - 0. Determine v(h).
-6
Let g(f) = -3*f**3 + 44*f**2 + 15*f - 11. Let b = 13664 - 13649. What is g(b)?
-11
Let n(y) be the second derivative of -1/2*y**2 + 0 + 7/6*y**3 - 1/12*y**4 + 32*y. Give n(8).
-9
Let x(h) = -3*h**3 + 2*h**3 + 9 - 1 + 2*h**2 - 9. Let c(k) = 3*k - 30. Let q be c(20). Suppose m + 28 = q. Give x(m).
-1
Suppose 0 = -4*b - 2*w - 90, 7*w = -4*b + 3*w - 92. Let j(k) = k**3 + 22*k**2 - 2*k - 42. Calculate j(b).
2
Let c(i) be the second derivative of i**2 + 0 + 33*i + 1/12*i**4 + 5/6*i**3. Suppose -3 = -2*r - 9. What is c(r)?
-4
Suppose 538*w = 482*w - 280. Let r(z) = -z**2 - 4*z + 2. Give r(w).
-3
Let m be 2 + (1/(-5) - (-84)/20). Let j(l) = -l**2 + 1. Let i(q) = 5*q**2 + q - 12. Let z(d) = m*j(d) + i(d). Calculate z(0).
-6
Let q(f) = f**3 - f. Let y be q(-1). Let w(a) = -59*a**2 - 2*a + 14. Let d(m) = -12*m**2 - m + 3. Let i(h) = 5*d(h) - w(h). Determine i(y).
1
Let i(y) be the third derivative of -y**4/24 + 5*y**3/3 - 46*y**2. Let c(a) = a**2 + 10*a + 5. Let o be c(-5). Let w be 13 + (-4)/14 + o/28. Calculate i(w).
-2
Suppose 0 = -8*d - 3*d + 110. Let k(t) = -619 + 47*t - 89*t + 320 + 319 + 41*t. What is k(d)?
10
Let y be -5 + (5 - 1) - 8. Let l be (3 + 35/(-15))*y. Let j = l + 7. Let u(p) = 14*p**3 - 2*p**2 + p. What is u(j)?
13
Let t(f) = f**2 + 2*f + 4. Let b(g) be the third derivative of -g**4/24 + 10*g**3/3 + 21*g**2 + 3. Let j be b(24). Give t(j).
12
Let q(g) = -46*g - 74. Let a(r) = 123*r + 214. Let l(u) = -3*a(u) - 8*q(u). Calculate l(-11).
-39
Let t(o) = 3*o - 4. Let g be (-1)/(-2) + 93/6. Suppose 20 = 4*d, j - g = -3*d + 7. Let p(q) = q**3 - 8*q**2 + q - 3. Let r be p(j). What is t(r)?
11
Let i(y) be the first derivative of y**5/120 + y**4/24 + 215*y**3/3 + 194. Let m(g) be the third derivative of i(g). Calculate m(-9).
-8
Let d(f) be the second derivative of -2*f**3/3 - 13*f**2/2 - 4*f. Let r = 8653 - 8657. Give d(r).
3
Suppose 0 = -z - 3*q, q - 23 = 5*z - 7. Let w = 25 - z. Let t(g) = w*g + 3 + g**2 - 58*g + 24*g - 5. Calculate t(6).
-2
Suppose -35*t + 12*t - v + 74 = 0, 3*t + 5*v - 34 = 0. Let c(o) = -o + 5*o + 7*o. What is c(t)?
33
Let x(m) = -7*m**2 + 8*m + 5. Suppose -7*k = -5*v - 3*k - 8, -v + k = 1. Let i(g) = 19*g**2 - 22*g - 14. Let h(a) = v*i(a) - 11*x(a). Give h(5).
26
Suppose 0 = -19*m + 15*m + 44. Let x(p) = 5 - 11 + m + 2*p + p. Calculate x(4).
17
Let d(p) = 5*p**3 + 4*p**2 - p + 11. Let k(q) = 4*q**3 + 4*q**2 - q + 10. Let g(n) = 5*d(n) - 6*k(n). Let w be 290/6*(-4341)/(-41963). Give g(w).
25
Let o(h) be the second derivative of -h**8/6720 + h**7/315 + h**6/720 - 9*h**4/4 + 79*h. Let y(i) be the third derivative of o(i). Determine y(8).
8
Let b(x) = -10*x**2 + 42*x - 322. Let y(w) = -4*w**2 + 17*w - 130. Let j(d) = -5*b(d) + 12*y(d). Give j(6).
86
Let q(t) = 42*t**3 - t**2 - t. Let p be 2/23 + 200/(-184). Calculate q(p).
-42
Let r(d) = 520 - 1232 + 516 - 28*d. Give r(-7).
0
Let t(o) be the first derivative of -3/2*o**2 + 108 - 2*o. Determine t(-14).
40
Suppose -4*r + 14 = i, 77*r = 80*r - 3*i - 18. Let s(g) = 3